 Calculate the highest common factor of a and w.
7
Let b be (-2)/(-6) - 14/6. Let p be -1*b*(-3)/(-6). Suppose -2*f = -5*f + 3*w + 21, 3*f + w - 37 = 0. What is the highest common divisor of p and f?
1
Suppose 2*b + 60 = -2*o + 1332, -5*b - 660 = -o. Suppose 6*g = 10*g - o. What is the greatest common factor of g and 64?
32
Suppose -69 = -4*i + 371. Suppose 2*x + 118 = -0*x. Let v = -15 - x. Calculate the highest common divisor of v and i.
22
Let i be 6*3 - (6 + -3). Suppose -3*y + 1 = -5. Let s be i + (1 - y/(-1)). Calculate the greatest common factor of 72 and s.
18
Suppose -5*u + 13 = 33. Let x be 0 + (-1 - u) + 11. Let z = -8 + x. What is the highest common divisor of z and 30?
6
Let g(a) = a**3 + 2*a**2 - 2*a - 2. Let q be 3 + 1 - 0 - 2. Let k be g(q). Suppose 0 = k*d - 9*d - 40. Calculate the greatest common divisor of 8 and d.
8
Let c = 368 - 313. What is the highest common divisor of 44 and c?
11
Suppose 3*g + 1 = 3*y + 7, -3*y - 2*g = 11. Let b(u) = 3*u**2 + 7*u + 12. Let d be b(y). Calculate the greatest common factor of 9 and d.
9
Let b = -1 + 24. Let i = 5 + b. What is the greatest common divisor of i and 70?
14
Suppose 5*r - 34 = 1. Let n = -1148 + 1211. What is the greatest common divisor of n and r?
7
Let g be (-16)/(-2)*(-8)/16 + 39. Suppose 11 = 2*k - f, -4*k + g = k - 5*f. What is the greatest common divisor of k and 2?
2
Let w(q) = -q**2 + 9*q - 8. Let t be w(8). Suppose t = v + 9 - 26. Let n be 4/(-16) - v/(-4). What is the highest common factor of 4 and n?
4
Let b = -10 - -17. Let n be 0 - (-4 + (-14)/(-2)). Let m = n + b. What is the highest common divisor of 20 and m?
4
Let s be (2/(-11))/((-3)/99). Calculate the highest common divisor of s and 42.
6
Let t be (-1)/8 + 764/(-32). Let h = 32 + t. What is the greatest common divisor of h and 12?
4
Let b = 11 + -11. Suppose b*g = -4*g + 792. Let m be 9/2*g/27. Calculate the greatest common factor of 297 and m.
33
Let b = 302 + -238. Suppose 2*k - 5*k = d - 105, 5*d - 465 = 5*k. What is the greatest common factor of b and d?
32
Let o be 492 - ((-4)/(-12)*-6 - -1). What is the greatest common divisor of 68 and o?
17
Suppose 3*s - w = 175, -s - w + 6 = -59. Let i = 76 - s. Calculate the highest common factor of i and 6.
2
Let q(r) = r**3 - 18*r**2 + 23*r - 64. Let l be q(17). Calculate the highest common factor of 19 and l.
19
Suppose 5*l - 9 = -4, 5*f + 2*l - 562 = 0. Calculate the highest common divisor of 140 and f.
28
Suppose 0 = -5*c + 2*t + 61, 4 = 5*c - t - 54. Suppose -16*b = -c*b - 160. What is the highest common divisor of b and 4?
4
Suppose 4*o + 4 = -0, -3*b = -o - 73. Calculate the greatest common factor of 104 and b.
8
Let g be -47*1 - (2 + 0). Let y be g/(-2) + 15/10. Suppose 0 = 2*p - 3*j - 413, 5*j + 411 = 2*p - 0*p. What is the greatest common factor of p and y?
26
Suppose 0*m + 5*m - 5*b - 125 = 0, 3*m + b = 71. What is the highest common factor of 228 and m?
12
Suppose 3*b - 45 = 2*k - 3*k, -5*k + b + 193 = 0. What is the greatest common factor of 39 and k?
39
Suppose 3*r = 3*i + 269 + 649, 4*r = i + 1212. Suppose -130 - r = -9*q. Calculate the greatest common factor of 36 and q.
12
Let h be (260/(-10))/(2/(-19)). What is the highest common divisor of 13 and h?
13
Let r be 87 - -1 - (13 - 12). Suppose -86*s = -r*s + 165. What is the greatest common divisor of s and 15?
15
Let u = 28 - 20. Let h be (u - 9)*68/(-2). What is the highest common factor of h and 17?
17
Suppose -2*q = -4*q + 38. Let s(n) = 2 - n**3 + 5*n**2 - 8 + q*n + 7*n**2 + 3*n**2. Let r be s(16). What is the highest common divisor of 14 and r?
14
Let y be (-52)/(-156) - 1310/(-3). What is the highest common divisor of 38 and y?
19
Let g(i) = -i - 8. Let x be g(-11). Suppose x*o = 2*o + 18. Suppose -o*r + 13*r = -70. Calculate the highest common factor of 35 and r.
7
Suppose -217 = -13*j + 355. What is the greatest common factor of 88 and j?
44
Let o be -5*((-2)/5 - 0). Let v be 8/14 + (-272)/(-14). Suppose -11*y = 9*y - v. Calculate the highest common factor of y and o.
1
Let b = -1551 - -1662. Calculate the greatest common factor of b and 481.
37
Let k be (13 - 18)*(-12)/5. Suppose -o - o = -k. Suppose p - 7 = o. Calculate the greatest common factor of p and 143.
13
Let t(a) = -6*a**3 - a**2 + 2*a. Let f be t(-2). Let w = -2393 - -2398. What is the greatest common divisor of f and w?
5
Suppose 3 = -f - 6. Let r(p) = -p**2 - 8*p + 8. Let n be r(f). Let y be n + 3 - (-28 - 0). What is the highest common divisor of y and 6?
6
Suppose -6*n = -7*n + 232. What is the greatest common factor of n and 8?
8
Suppose -4*x + 4 = 4*h, -4*x + x + 2*h + 18 = 0. Suppose 15 + 23 = x*z - 3*n, -3*n - 27 = -3*z. What is the greatest common factor of 55 and z?
11
Suppose -172 = u - 623. Calculate the highest common factor of u and 82.
41
Let p(x) = 353*x + 38. Let g be p(6). Calculate the greatest common divisor of g and 98.
98
Let p be (-10118)/5 - (-10)/(-25). Let i be 6/(-9) - p/12. Suppose -3*t + t + i = 0. What is the highest common factor of 12 and t?
12
Let d = -85 - -85. Suppose -60*q + 59*q + 14 = d. Suppose 3*s - o - 22 = 189, 5*o = 3*s - 215. Calculate the greatest common divisor of q and s.
14
Let u be (-6 + (2 - 6))*(-22)/4. Let w = 902 - 462. Calculate the highest common factor of u and w.
55
Let q be (-8270)/(-110) - 4/22. Let d = q + -39. What is the greatest common divisor of d and 36?
36
Suppose 0 = -3*q - 4*j + 24, -3*q - 4*j = -6*q. Let w be q + -9 + 4 + 15. Let t be -1 + 3 - (-3 + -2). What is the highest common factor of t and w?
7
Let l(x) = -x**2 - 6*x + 17. Let i be l(-9). Let s be ((-72)/(-15))/(-8) - 696/i. Suppose 224 = 4*n + 40. Calculate the highest common divisor of s and n.
23
Let s be (-17 + 2)*(-1)/3. Suppose 14*l - 16*l = -120. What is the greatest common factor of l and s?
5
Suppose -2*w + 486 = 158. Let c = w - 88. What is the greatest common divisor of 19 and c?
19
Let h(k) = 7*k. Let v be h(2). Suppose 4*j + 17 = 5*y, 2*j - 24 = -3*y - y. What is the greatest common factor of v and j?
2
Suppose -663 = -3*y + 3*v, 2*y = 4*v + 202 + 248. Let h = -3173 - -3204. What is the greatest common factor of y and h?
31
Suppose -2*a - 2*a = 44. Let q = 35 + a. Let c = 14798 - 14534. What is the greatest common factor of c and q?
24
Suppose 5*p - 593 = 2*p + l, -p + l = -197. Calculate the greatest common factor of 18 and p.
18
Let n = 362 - 339. What is the highest common factor of n and 184?
23
Let f = 9 - 7. Let y be (1 - f)*(-20)/(-2). Let q be ((-4)/(-6))/(y/(-375)). What is the greatest common factor of q and 5?
5
Suppose 0 = -2*p + 4*w + 40, -9*p + 5*p - 4*w = -56. Calculate the greatest common divisor of p and 8.
8
Let y(k) be the first derivative of 3*k**4/4 - k**3 + k**2 - 3*k + 10. Let j be y(2). Calculate the greatest common divisor of j and 143.
13
Suppose 11*w - 6 = 8*w. Suppose 9 = w*r - 7. Suppose r*b - 3*b = 20. What is the greatest common divisor of 16 and b?
4
Let x = -136 - -196. Suppose 5*d - 28 = -0*d - 3*l, -5*d = -5*l - x. Calculate the greatest common divisor of d and 8.
8
Suppose v - 1 = -3, -2*z = 4*v - 1600. What is the highest common divisor of 24 and z?
12
Let c be 2/(-3) - 52/(-6). Let s(y) = 7*y - 20. Let a be s(3). Let p be (a - 1) + (54 - -10). What is the highest common factor of c and p?
8
Let d = 5 + 65. What is the greatest common factor of d and 50?
10
Let w = 207 - 139. Let x = w - 44. Suppose 5*d + n + 4*n = 30, -2*n - 12 = -4*d. What is the greatest common factor of d and x?
4
Suppose -7*q + 10*q - 185 = -5*r, 3*r = 5*q + 145. Calculate the greatest common factor of r and 150.
10
Let m be (-32)/2*(2 + -3). Suppose -3 = p, 246 = -a - 0*a + 4*p. Let x = a + 370. What is the highest common factor of x and m?
16
Let o = 130 - 25. Suppose -75 = 119*u - 124*u + c, -2*u - 5*c = -30. What is the greatest common divisor of u and o?
15
Let j(q) = 14*q - 1 - 4 + 2 - 4. Suppose -2*a + 9 = -5. Let v be j(a). What is the highest common divisor of v and 13?
13
Let v be 133/(-14) - 6/(-4). Let h be 1/(-4) - 266/v. Calculate the highest common factor of h and 165.
33
Let f = 1 + 35. Suppose -3*d + 4*j = -0*j - f, j + 77 = 5*d. What is the highest common factor of 16 and d?
16
Let x = -103 + 257. What is the greatest common divisor of 11 and x?
11
Suppose 2*u =